
False
Is 102 a factor of 181391904?
True
Is 7 a factor of 49302386?
True
Is 18 a factor of 18210779?
False
Does 41 divide 62587826?
False
Is 307 a factor of 716620276?
True
Does 74 divide 46653078?
True
Is 6 a factor of 11683602?
True
Is 54 a factor of 4748382?
True
Is 152005054 a multiple of 6?
False
Is 1171002320 a multiple of 1711?
False
Does 7 divide 220934033?
False
Is 12882040 a multiple of 42?
False
Is 9 a factor of 351880387?
False
Is 3947 a factor of 197476304?
True
Is 3499875 a multiple of 6?
False
Does 10 divide 6296350?
True
Is 393 a factor of 8791303?
False
Does 503 divide 40797385?
False
Is 75537763 a multiple of 49?
True
Is 1421335776 a multiple of 672?
True
Is 166 a factor of 612872?
True
Is 60760636 a multiple of 1097?
True
Is 102182870 a multiple of 205?
False
Does 2474 divide 93670588?
True
Is 26704182 a multiple of 19?
False
Is 4 a factor of 8258821?
False
Does 20 divide 1258843?
False
Is 28 a factor of 717371956?
True
Does 88 divide 77385403?
False
Does 3 divide 4487242?
False
Is 28901688 a multiple of 13?
False
Does 411 divide 778040010?
False
Is 654 a factor of 484679400?
True
Does 235 divide 21012760?
True
Is 301591868 a multiple of 150?
False
Does 126 divide 14842422?
True
Does 1532 divide 530134501?
False
Is 6214515561 a multiple of 17?
False
Is 1067115819 a multiple of 2273?
False
Is 25884522 a multiple of 635?
False
Is 1757 a factor of 604332?
False
Is 1198 a factor of 297791911?
False
Is 537821943 a multiple of 50?
False
Is 32 a factor of 93959147?
False
Does 95 divide 15877635?
True
Is 552 a factor of 783061683?
False
Does 4249 divide 69735771?
False
Is 900329332 a multiple of 5572?
True
Does 37 divide 22156930?
False
Is 25217052 a multiple of 84?
True
Is 24 a factor of 25301256?
True
Does 186 divide 35658265?
False
Does 1324 divide 16985596?
True
Does 27 divide 1859516?
False
Is 67 a factor of 188505840?
True
Does 10 divide 37677?
False
Is 20 a factor of 140213864?
False
Is 64399478 a multiple of 338?
True
Does 483 divide 44504586?
True
Does 123 divide 27884223?
True
Is 87 a factor of 51450354?
False
Is 86 a factor of 84327077?
False
Does 1945 divide 3430415950?
True
Does 9 divide 1612995786?
True
Does 41 divide 308537177?
True
Is 521 a factor of 9718734?
True
Is 579 a factor of 33068672?
False
Does 13 divide 7955272?
True
Is 254 a factor of 131042188?
False
Is 44 a factor of 87148512?
True
Does 27 divide 952391815?
False
Is 1207978 a multiple of 173?
False
Is 9 a factor of 5366227?
False
Does 34 divide 27898570?
False
Is 267479039 a multiple of 1261?
False
Does 22 divide 109450395?
False
Is 5261544 a multiple of 12?
True
Is 102054414 a multiple of 192?
False
Is 177867713 a multiple of 103?
True
Is 39705562 a multiple of 805?
False
Is 90947934 a multiple of 9?
True
Does 43 divide 12767341?
False
Is 5 a factor of 48304396?
False
Is 297244899 a multiple of 18?
False
Is 4 a factor of 8480404?
True
Is 270650500 a multiple of 25?
True
Is 789525 a multiple of 145?
True
Does 167 divide 19109987?
False
Does 18 divide 2080245514?
False
Is 223217104 a multiple of 11?
True
Is 15 a factor of 14899905?
True
Is 121775511 a multiple of 14?
False
Is 54037421 a multiple of 87?
False
Does 15 divide 15433871?
False
Is 4106597724 a multiple of 34?
True
Is 172 a factor of 83146087?
False
Is 3069082 a multiple of 281?
True
Is 55528590 a multiple of 10?
True
Is 21898566 a multiple of 18?
True
Is 76 a factor of 108659552?
False
Is 39155192 a multiple of 208?
False
Is 1985 a factor of 121186235?
True
Is 5 a factor of 25296400?
True
Is 3 a factor of 342646944?
True
Does 68 divide 8121512?
True
Is 11 a factor of 232938240?
False
Is 737 a factor of 36342207?
True
Is 5276324 even?
True
Is 602 a factor of 69775221?
False
Does 2113 divide 499722387?
True
Does 427 divide 2582548094?
True
Does 152 divide 100028008?
True
Is 740 a factor of 2804913760?
True
Is 360 a factor of 59421207?
False
Does 753 divide 257527149?
False
Does 13 divide 135386420?
True
Does 122 divide 332564314?
True
Does 55 divide 537918700?
True
Does 4 divide 274696330?
False
Is 1357 a factor of 181445841?
False
Is 1932 a factor of 289718956?
False
Is 7789 a factor of 1191015990?
True
Is 1086346193 a multiple of 92?
False
Is 4435 a factor of 268916225?
True
Is 1329883536 a multiple of 282?
False
Is 2 a factor of 121595003?
False
Is 69 a factor of 374532?
True
Is 78 a factor of 1761358326?
True
Does 1010 divide 14668331?
False
Is 138606326 a multiple of 16?
False
Is 16410062 a multiple of 63?
False
Does 34 divide 128693876?
True
Does 23 divide 23707122?
False
Is 244 a factor of 12814880?
True
Is 39004036 a multiple of 18?
False
Is 1330 a factor of 410491429?
False
Is 79600014 a multiple of 1140?
False
Is 345914509 a multiple of 71?
False
Does 6159 divide 3934513710?
False
Does 23 divide 4559980?
True
Is 2768245750 a multiple of 113?
True
Is 1922 a factor of 921885378?
True
Is 1458475368 a multiple of 14?
True
Is 523 a factor of 17199690?
False
Is 2635 a factor of 37590910?
True
Does 686 divide 27242432?
True
Is 46921960 a multiple of 14?
False
Is 30 a factor of 13518990?
True
Is 3425000936 a multiple of 97?
True
Does 321 divide 25580490?
True
Is 1451059326 a multiple of 10?
False
Is 362658372 a multiple of 93?
False
Does 1364 divide 190619007?
False
Does 146 divide 63930170?
False
Is 810 a factor of 3430707210?
True
Is 5 a factor of 47239895?
True
Does 1607 divide 5775497?
False
Is 136456950 a multiple of 58?
False
Is 23330415 a multiple of 15?
True
Does 502 divide 500510928?
False
Is 82077199 a multiple of 49?
False
Is 62 a factor of 100209237?
False
Is 3318130 a multiple of 628?
False
Does 1696 divide 202077214?
False
Is 6717197 a multiple of 98?
False
Is 271 a factor of 2632223?
True
Is 1065819291 a multiple of 278?
False
Is 16894325 a multiple of 35?
True
Does 8 divide 9544568?
True
Is 127352199 a multiple of 39?
True
Is 25570148 a multiple of 12?
False
Does 315 divide 2677855?
False
Does 768 divide 12890112?
True
Is 51728753 a multiple of 24?
False
Is 239386887 a multiple of 3?
True
Is 40265861 a multiple of 67?
True
Does 338 divide 5719636?
True
Does 2 divide 1227062?
True
Is 73876000 a multiple of 11?
True
Does 57 divide 1353775707?
True
Is 11298098 a multiple of 119?
True
Is 471640848 a multiple of 14?
True
Does 247 divide 104744595?
False
Does 1590 divide 51320430?
True
Does 41 divide 3634446271?
True
Does 120 divide 42116280?
True
Is 4109 a factor of 5397298879?
True
Does 10 divide 141055870?
True
Is 5 a factor of 268940915?
True
Is 53 a factor of 2562019681?
False
Does 26 divide 3397292912?
True
Is 72 a factor of 622180099?
False
Does 48 divide 28240032?
True
Does 42 divide 106850478?
True
Is 3618 a factor of 1040250978?
True
Does 166 divide 1858160176?
True
Does 1810 divide 175097761?
False
Is 13729672 a multiple of 1428?
False
Is 7971863298 a multiple of 3318?
True
Is 531 a factor of 11860833?
False
Does 49 divide 2896267995?
False
Is 1105 a factor of 6201260?
True
Does 12 divide 9664800?
True
Is 63 a factor of 131559009?
False
Does 53 divide 23141279?
False
Does 75 divide 65122950?
True
Is 45 a factor of 6511680?
True
Is 1960 a factor of 437659366?
False
Does 408 divide 110849112?
True
Is 424 a factor of 109784747?
False
Is 37352808 a multiple of 51?
True
Is 121 a factor of 29228430?
False
Is 955561340 a multiple of 20?
True
Does 1437 divide 55651048?
False
Is 3548258175 a multiple of 15?
True
Is 606592275 a multiple of 295?
True
Is 846 a factor of 17831447?
False
Does 3 divide 3563969?
False
Is 3355415654 a multiple of 1533?
False
Is 14175310 a multiple of 248?
False
Is 258 a factor of 459773286?
True
Is 477 a factor of 53009010?
True
Does 51 divide 57188952?
True
Does 16 divide 6909411?
False
Does 40 divide 2198469080?
True
Is 4 a factor of 2528767?
False
Is 62143116 a multiple of 31?
False
Does 387 divide 92251899?
True
Is 598995640 a multiple of 16?
False
Is 657 a factor of 8844534?
True
Is 55691628 a multiple of 49?
False
Is 31 a factor of 13809198?
True
Is 16176096 a multiple of 8?
True
Is 31191463 a multiple of 107?
True
Does 22 divide 79598481?
False
Is 352935450 a multiple of 5?
True
Is 4216801212 a multiple of 18?
True
Is 9 a factor of 84218301?
True
Does 249 divide 243238404?
False
Does 19 divide 889663316?
False
Is 1328 a factor of 31027392?
True